{"id":112,"date":"2020-12-28T09:54:52","date_gmt":"2020-12-28T08:54:52","guid":{"rendered":"http:\/\/xn--ffw-rtzlingen-ffb.de\/?page_id=112"},"modified":"2026-02-09T09:28:32","modified_gmt":"2026-02-09T08:28:32","slug":"satzung","status":"publish","type":"page","link":"http:\/\/xn--ffw-rtzlingen-ffb.de\/?page_id=112","title":{"rendered":"Feuerwehrverein R\u00e4tzlingen e.V."},"content":{"rendered":"\n<p><mark style=\"background-color:rgba(0, 0, 0, 0)\" class=\"has-inline-color has-vivid-cyan-blue-color\"><strong><em>2026 <\/em><\/strong><\/mark><\/p>\n\n\n\n<p>Die Jahreshauptversammlung 2026 des Feuerwehrvereins R\u00e4tzlingen e.V. fand am 07.02.2026  statt.<\/p>\n\n\n\n<p>OrtsBM Bennet Korbmacher er\u00f6ffnete die Versammlung, und es erfolgte das Verlesen des Protokolls der Jahreshauptversammlung 2025 durch Svenja Korbmacher.<\/p>\n\n\n\n<p>In einer Abstimmung wurde f\u00fcr zuk\u00fcnftige Versammlungen das vorherige Versenden des Protokolls der jeweils letzten Jahreshauptversammlung einstimmig beschlossen.<\/p>\n\n\n\n<p>Nach dem Kassenbericht folgten Wahlen, die nachstehenden Funktionen betreffend.<\/p>\n\n\n\n<figure class=\"wp-block-table is-style-stripes\"><table><tbody><tr><td>Beisitzer Altersabteilung<\/td><td><\/td><td><\/td><td>Friedrich-Wilhelm Gehrke  (Wiederwahl)<\/td><\/tr><tr><td>Beisitzer F\u00f6rdernde Mitglieder<\/td><td><\/td><td><\/td><td>Volker Baum  (Wiederwahl)<\/td><\/tr><tr><td>Beisitzer Jugendfeuerwehr<\/td><td><\/td><td><\/td><td><\/td><\/tr><tr><td>Kassenpr\u00fcfer<\/td><td><\/td><td><\/td><td>Marie Baumgarten<\/td><\/tr><\/tbody><\/table><\/figure>\n\n\n\n<p><strong>&#8212;&#8212;&#8212;&#8212;&#8212;&#8212;&#8212;&#8212;&#8212;&#8212;&#8212;&#8212;&#8212;&#8212;&#8212;&#8212;&#8212;&#8212;&#8212;&#8212;&#8212;&#8212;&#8212;&#8212;&#8212;&#8212;&#8212;&#8212;&#8212;&#8212;&#8212;&#8212;&#8212;&#8212;&#8212;&#8212;&#8212;&#8212;&#8211;<\/strong><\/p>\n\n\n\n<p><mark style=\"background-color:rgba(0, 0, 0, 0)\" class=\"has-inline-color has-vivid-cyan-blue-color\"><strong><em>2025<\/em><\/strong><\/mark>   <\/p>\n\n\n\n<p>Die Jahreshauptversammlung 2025 des Feuerwehrvereins R\u00e4tzlingen e.V. fand am  01.02.2025  statt.<\/p>\n\n\n\n<p>OrtsBM Bennet Korbmacher er\u00f6ffnete die Versammlung, und es erfolgte das Verlesen des Protokolls der Jahreshauptversammlung 2024 durch Svenja Korbmacher.<\/p>\n\n\n\n<p><strong>&#8212;&#8212;&#8212;&#8212;&#8212;&#8212;&#8212;&#8212;&#8212;&#8212;&#8212;&#8212;&#8212;&#8212;&#8212;&#8212;&#8212;&#8212;&#8212;&#8212;&#8212;&#8212;&#8212;&#8212;&#8212;&#8212;&#8212;&#8212;&#8212;&#8212;&#8212;&#8212;&#8212;&#8212;&#8212;&#8212;&#8212;&#8212;&#8211;<\/strong><\/p>\n\n\n\n<p><mark style=\"background-color:rgba(0, 0, 0, 0)\" class=\"has-inline-color has-vivid-cyan-blue-color\"><strong><em>202<\/em><\/strong><em><strong>4<\/strong><\/em><\/mark><\/p>\n\n\n\n<p>Die Jahreshauptversammlung 2024 des Feuerwehrvereins R\u00e4tzlingen e.V.                                                        fand am  03.02.2024  im Vereinsheim des TV R\u00e4tzlingen statt. <\/p>\n\n\n\n<p>OrtBM Bennet Korbmacher begr\u00fc\u00dfte alle Anwesenden.  Es folgte das Verlesen des Protokolls der Jahreshauptversammlung 2023 durch Svenja Korbmacher.<\/p>\n\n\n\n<p>Im Jahresbericht 2023 wurde unter anderem die Unterst\u00fctzung beim Kauf eines neuen Fischnetzes angesprochen und die Erstellung eines Logos f\u00fcr den Feuerwehrverein.<\/p>\n\n\n\n<p>Nach dem Kassenbericht folgten erforderliche Wahlen und die nachstehende Funktionen wurden gew\u00e4hlt:<\/p>\n\n\n\n<figure class=\"wp-block-table is-style-stripes\"><table><tbody><tr><td>Beisitzer Altersabteilung<\/td><td><\/td><td><\/td><td>Friedrich-Wilhelm Gehrke<\/td><\/tr><tr><td>Beisitzer F\u00f6rdernde Mitglieder<\/td><td><\/td><td><\/td><td>Volker Baum<\/td><\/tr><tr><td>Beisitzer Jugendfeuerwehr<\/td><td><\/td><td><\/td><td>Emma Schubert<\/td><\/tr><tr><td>Kassenpr\u00fcfer<\/td><td><\/td><td><\/td><td>Ben Burmester<\/td><\/tr><\/tbody><\/table><\/figure>\n\n\n\n<p><strong>&#8212;&#8212;&#8212;&#8212;&#8212;&#8212;&#8212;&#8212;&#8212;&#8212;&#8212;&#8212;&#8212;&#8212;&#8212;&#8212;&#8212;&#8212;&#8212;&#8212;&#8212;&#8212;&#8212;&#8212;&#8212;&#8212;&#8212;&#8212;&#8212;&#8212;&#8212;&#8212;&#8212;&#8212;&#8212;&#8212;&#8212;&#8212;&#8211;<\/strong><\/p>\n\n\n\n<p><mark style=\"background-color:rgba(0, 0, 0, 0)\" class=\"has-inline-color has-vivid-cyan-blue-color\"><strong><em>2023<\/em><\/strong><\/mark><\/p>\n\n\n\n<p>Am 04.02.2023 fand die Jahreshauptversammlung des Feuerwehrvereins R\u00e4tzlingen e.V. im Vereinsheim des TV R\u00e4tzlingen statt. <\/p>\n\n\n\n<p>Ortsbrandmeister Egbert Rabenstein begr\u00fc\u00dfte G\u00e4ste aus Verwaltung, Politik und Vereinen sowie die anwesenden Kameraden aus der Einsatz- und Altersabteilung und der Jugendfeuerwehr und \u00fcbergab das Wort im Anschluss an den 1. Vorsitzenden Andr\u00e9 Boeck. Nach einem kurzen Jahresr\u00fcckblick folgten die Wahlen.<\/p>\n\n\n\n<p><\/p>\n\n\n\n<figure class=\"wp-block-table is-style-stripes\"><table><tbody><tr><td>1. Vorsitzender<\/td><td><\/td><td><\/td><td>Bennet Korbmacher<\/td><\/tr><tr><td>2. Vorsitzender<\/td><td><\/td><td><\/td><td>Holger Starke<\/td><\/tr><tr><td>Schriftf\u00fchrerin<\/td><td><\/td><td><\/td><td>Svenja Korbmacher<\/td><\/tr><tr><td>Kassenpr\u00fcfer<\/td><td><\/td><td><\/td><td>Hans-Joachim Herkt<\/td><\/tr><\/tbody><\/table><\/figure>\n\n\n\n<p><strong>&#8212;&#8212;&#8212;&#8212;&#8212;&#8212;&#8212;&#8212;&#8212;&#8212;&#8212;&#8212;&#8212;&#8212;&#8212;&#8212;&#8212;&#8212;&#8212;&#8212;&#8212;&#8212;&#8212;&#8212;&#8212;&#8212;&#8212;&#8212;&#8212;&#8212;&#8212;&#8212;&#8212;&#8212;&#8212;&#8212;&#8212;&#8212;&#8211;<\/strong><\/p>\n\n\n\n<p><mark style=\"background-color:rgba(0, 0, 0, 0)\" class=\"has-inline-color has-vivid-cyan-blue-color\"><strong><em>2022<\/em><\/strong><\/mark><\/p>\n\n\n\n<p><\/p>\n\n\n\n<figure class=\"wp-block-table is-style-stripes\"><table><tbody><tr><td>1. Vorsitzender                             <\/td><td><\/td><td class=\"has-text-align-left\" data-align=\"left\">Andr\u00e8 Boeck<\/td><td><\/td><\/tr><tr><td>2. Vorsitzender                                                         <\/td><td><\/td><td class=\"has-text-align-left\" data-align=\"left\">Bennet Korbmacher<\/td><td><\/td><\/tr><tr><td>Schriftf\u00fchrer<\/td><td><\/td><td class=\"has-text-align-left\" data-align=\"left\">Uwe Burmeister<\/td><td><\/td><\/tr><tr><td>Kassenpr\u00fcfer                        <\/td><td><\/td><td class=\"has-text-align-left\" data-align=\"left\">Tim-Phillip Meier<\/td><td><\/td><\/tr><\/tbody><\/table><\/figure>\n\n\n\n<p><strong>&#8212;&#8212;&#8212;&#8212;&#8212;&#8212;&#8212;&#8212;&#8212;&#8212;&#8212;&#8212;&#8212;&#8212;&#8212;&#8212;&#8212;&#8212;&#8212;&#8212;&#8212;&#8212;&#8212;&#8212;&#8212;&#8212;&#8212;&#8212;&#8212;&#8212;&#8212;&#8212;&#8212;&#8212;&#8212;&#8212;&#8212;&#8212;&#8211;<\/strong><\/p>\n\n\n\n<p><mark style=\"background-color:rgba(0, 0, 0, 0)\" class=\"has-inline-color has-vivid-cyan-blue-color\"><strong><em>2021       Gr\u00fcndung des Feuerwehrvereins<\/em><\/strong><\/mark><\/p>\n\n\n\n<p>A<em>m 18.05.21 trafen sich 13 Mitglieder der R\u00e4tzlinger Wehr im Ger\u00e4tehaus, um den Feuerwehrverein R\u00e4tzlingen aus der Taufe zu heben. Ortsbrandmeister Egbert Rabenstein begr\u00fc\u00dfte die Mitglieder aus dem Kommando, Ehrenortsbrandmeister Burghard Tiedemann als Vertreter der Altersabteilung, Swantje Schidlowski als Vertreterin der Jugendfeuerwehr und Volker Baum als Vertreter der f\u00f6rdernden Mitglieder, zus\u00e4tzlich war Tim-Phillip Meyer anwesend, der f\u00fcr einen Vorstandsposten vorgesehen war.<\/em><\/p>\n\n\n\n<p><em>Nach der Begr\u00fc\u00dfung erfolgte die Vorstellung des Satzungsentwurfs durch den Ortsbrandmeister. Fragen wurden direkt besprochen und kleinere \u00c4nderungen vorgenommen. Im Anschluss wurde die Satzung genehmigt.<\/em><\/p>\n\n\n\n<p><em>Die Wahlen ergaben folgendes Ergebnis:<\/em><\/p>\n\n\n\n<figure class=\"wp-block-table is-style-stripes\"><table><tbody><tr><td class=\"has-text-align-left\" data-align=\"left\">1. Vorsitzender<\/td><td>Andr\u00e8 Boeck<\/td><\/tr><tr><td class=\"has-text-align-left\" data-align=\"left\">2. Vorsitzender<\/td><td>Bennet Korbmacher<\/td><\/tr><tr><td class=\"has-text-align-left\" data-align=\"left\">Schriftf\u00fchrerin<\/td><td>Uwe Burmeister<\/td><\/tr><tr><td class=\"has-text-align-left\" data-align=\"left\">Kassenpr\u00fcfer<\/td><td>Tim-Phillip Meier<\/td><\/tr><tr><td class=\"has-text-align-left\" data-align=\"left\">Altersabteilung (Beisitzer)<\/td><td>Burghard Tiedemann<\/td><\/tr><tr><td class=\"has-text-align-left\" data-align=\"left\">Jugendfeuerwehr (Beisitzer)<\/td><td>Swantje Schidlowski<\/td><\/tr><tr><td class=\"has-text-align-left\" data-align=\"left\">F\u00f6rderndes Mitglied (Beisitzer)<\/td><td>Volker Baum<\/td><\/tr><\/tbody><\/table><\/figure>\n\n\n\n<figure class=\"wp-block-image size-full\"><img decoding=\"async\" loading=\"lazy\" width=\"1024\" height=\"768\" src=\"http:\/\/xn--ffw-rtzlingen-ffb.de\/wp-content\/uploads\/2021\/05\/Bild-Gruendungsmitglieder.jpg\" alt=\"\" class=\"wp-image-163\" srcset=\"http:\/\/xn--ffw-rtzlingen-ffb.de\/wp-content\/uploads\/2021\/05\/Bild-Gruendungsmitglieder.jpg 1024w, http:\/\/xn--ffw-rtzlingen-ffb.de\/wp-content\/uploads\/2021\/05\/Bild-Gruendungsmitglieder-300x225.jpg 300w, http:\/\/xn--ffw-rtzlingen-ffb.de\/wp-content\/uploads\/2021\/05\/Bild-Gruendungsmitglieder-768x576.jpg 768w\" sizes=\"(max-width: 1024px) 100vw, 1024px\" \/><figcaption class=\"wp-element-caption\"><em><sup>Gr\u00fcndungsmitglieder<\/sup><\/em><\/figcaption><\/figure>\n\n\n\n<p><em>Somit haben war der ersten Schritt getan. <\/em><\/p>\n\n\n\n<p><em>Die Satzung wurde \u00fcber einen Notar dem Vereinsregister vorgelegt, damit die notwendige Eintragung durchgef\u00fchrt werden konnte.<\/em><\/p>\n\n\n\n<p><em>Letztendlich folgte <\/em><em style=\"font-style: italic;\">die Aufnahme der Feuerwehrmitglieder in den Feuerwehrverein<\/em><i>. <\/i><\/p>\n\n\n\n<p><\/p>\n\n\n\n<div class=\"wp-block-file\"><a id=\"wp-block-file--media-5b27cc8d-50f1-4f18-a087-0e8a30616b11\" href=\"http:\/\/xn--ffw-rtzlingen-ffb.de\/wp-content\/uploads\/2021\/05\/Satzung-Feuerwehrverein-Raetzlingen-Fassung-2021.05.18.pdf\"><strong>SATZUNG<\/strong><\/a><a href=\"http:\/\/xn--ffw-rtzlingen-ffb.de\/wp-content\/uploads\/2021\/05\/Satzung-Feuerwehrverein-Raetzlingen-Fassung-2021.05.18.pdf\" class=\"wp-block-file__button wp-element-button\" download aria-describedby=\"wp-block-file--media-5b27cc8d-50f1-4f18-a087-0e8a30616b11\">Herunterladen<\/a><\/div>\n\n\n\n<div class=\"wp-block-file\"><a id=\"wp-block-file--media-5c7c3765-449f-4662-befc-940b4e5796fb\" href=\"http:\/\/xn--ffw-rtzlingen-ffb.de\/wp-content\/uploads\/2021\/05\/Beitragsordnung-Fassung-2021.05.18.pdf\"><strong>BEITRAGSORDNUNG<\/strong><\/a><a href=\"http:\/\/xn--ffw-rtzlingen-ffb.de\/wp-content\/uploads\/2021\/05\/Beitragsordnung-Fassung-2021.05.18.pdf\" class=\"wp-block-file__button wp-element-button\" download aria-describedby=\"wp-block-file--media-5c7c3765-449f-4662-befc-940b4e5796fb\">Herunterladen<\/a><\/div>\n\n\n\n<p><\/p>\n","protected":false},"excerpt":{"rendered":"<p>2026 Die Jahreshauptversammlung 2026 des Feuerwehrvereins R\u00e4tzlingen e.V. fand am 07.02.2026 statt. OrtsBM Bennet Korbmacher er\u00f6ffnete die Versammlung, und es erfolgte das Verlesen des Protokolls der Jahreshauptversammlung 2025 durch Svenja Korbmacher. In einer Abstimmung wurde f\u00fcr zuk\u00fcnftige Versammlungen das vorherige Versenden des Protokolls der jeweils letzten Jahreshauptversammlung einstimmig beschlossen. Nach dem Kassenbericht folgten Wahlen, die [&hellip;]<\/p>\n","protected":false},"author":1,"featured_media":0,"parent":0,"menu_order":80,"comment_status":"closed","ping_status":"closed","template":"","meta":{"footnotes":""},"_links":{"self":[{"href":"http:\/\/xn--ffw-rtzlingen-ffb.de\/index.php?rest_route=\/wp\/v2\/pages\/112"}],"collection":[{"href":"http:\/\/xn--ffw-rtzlingen-ffb.de\/index.php?rest_route=\/wp\/v2\/pages"}],"about":[{"href":"http:\/\/xn--ffw-rtzlingen-ffb.de\/index.php?rest_route=\/wp\/v2\/types\/page"}],"author":[{"embeddable":true,"href":"http:\/\/xn--ffw-rtzlingen-ffb.de\/index.php?rest_route=\/wp\/v2\/users\/1"}],"replies":[{"embeddable":true,"href":"http:\/\/xn--ffw-rtzlingen-ffb.de\/index.php?rest_route=%2Fwp%2Fv2%2Fcomments&post=112"}],"version-history":[{"count":45,"href":"http:\/\/xn--ffw-rtzlingen-ffb.de\/index.php?rest_route=\/wp\/v2\/pages\/112\/revisions"}],"predecessor-version":[{"id":1301,"href":"http:\/\/xn--ffw-rtzlingen-ffb.de\/index.php?rest_route=\/wp\/v2\/pages\/112\/revisions\/1301"}],"wp:attachment":[{"href":"http:\/\/xn--ffw-rtzlingen-ffb.de\/index.php?rest_route=%2Fwp%2Fv2%2Fmedia&parent=112"}],"curies":[{"name":"wp","href":"https:\/\/api.w.org\/{rel}","templated":true}]}}

Feuerwehrverein Rätzlingen e.V.

<p><mark style="background-color:rgba(0, 0, 0, 0)" class="has-inline-color has-vivid-cyan-blue-color"><strong><em>2026 </em></strong></mark></p>



<p>Die Jahreshauptversammlung 2026 des Feuerwehrvereins Rätzlingen e.V. fand am 07.02.2026  statt.</p>



<p>OrtsBM Bennet Korbmacher eröffnete die Versammlung, und es erfolgte das Verlesen des Protokolls der Jahreshauptversammlung 2025 durch Svenja Korbmacher.</p>



<p>In einer Abstimmung wurde für zukünftige Versammlungen das vorherige Versenden des Protokolls der jeweils letzten Jahreshauptversammlung einstimmig beschlossen.</p>



<p>Nach dem Kassenbericht folgten Wahlen, die nachstehenden Funktionen betreffend.</p>



<figure class="wp-block-table is-style-stripes"><table><tbody><tr><td>Beisitzer Altersabteilung</td><td></td><td></td><td>Friedrich-Wilhelm Gehrke  (Wiederwahl)</td></tr><tr><td>Beisitzer Fördernde Mitglieder</td><td></td><td></td><td>Volker Baum  (Wiederwahl)</td></tr><tr><td>Beisitzer Jugendfeuerwehr</td><td></td><td></td><td></td></tr><tr><td>Kassenprüfer</td><td></td><td></td><td>Marie Baumgarten</td></tr></tbody></table></figure>



<p><strong>&#8212;&#8212;&#8212;&#8212;&#8212;&#8212;&#8212;&#8212;&#8212;&#8212;&#8212;&#8212;&#8212;&#8212;&#8212;&#8212;&#8212;&#8212;&#8212;&#8212;&#8212;&#8212;&#8212;&#8212;&#8212;&#8212;&#8212;&#8212;&#8212;&#8212;&#8212;&#8212;&#8212;&#8212;&#8212;&#8212;&#8212;&#8212;&#8211;</strong></p>



<p><mark style="background-color:rgba(0, 0, 0, 0)" class="has-inline-color has-vivid-cyan-blue-color"><strong><em>2025</em></strong></mark>   </p>



<p>Die Jahreshauptversammlung 2025 des Feuerwehrvereins Rätzlingen e.V. fand am  01.02.2025  statt.</p>



<p>OrtsBM Bennet Korbmacher eröffnete die Versammlung, und es erfolgte das Verlesen des Protokolls der Jahreshauptversammlung 2024 durch Svenja Korbmacher.</p>



<p><strong>&#8212;&#8212;&#8212;&#8212;&#8212;&#8212;&#8212;&#8212;&#8212;&#8212;&#8212;&#8212;&#8212;&#8212;&#8212;&#8212;&#8212;&#8212;&#8212;&#8212;&#8212;&#8212;&#8212;&#8212;&#8212;&#8212;&#8212;&#8212;&#8212;&#8212;&#8212;&#8212;&#8212;&#8212;&#8212;&#8212;&#8212;&#8212;&#8211;</strong></p>



<p><mark style="background-color:rgba(0, 0, 0, 0)" class="has-inline-color has-vivid-cyan-blue-color"><strong><em>202</em></strong><em><strong>4</strong></em></mark></p>



<p>Die Jahreshauptversammlung 2024 des Feuerwehrvereins Rätzlingen e.V.                                                        fand am  03.02.2024  im Vereinsheim des TV Rätzlingen statt. </p>



<p>OrtBM Bennet Korbmacher begrüßte alle Anwesenden.  Es folgte das Verlesen des Protokolls der Jahreshauptversammlung 2023 durch Svenja Korbmacher.</p>



<p>Im Jahresbericht 2023 wurde unter anderem die Unterstützung beim Kauf eines neuen Fischnetzes angesprochen und die Erstellung eines Logos für den Feuerwehrverein.</p>



<p>Nach dem Kassenbericht folgten erforderliche Wahlen und die nachstehende Funktionen wurden gewählt:</p>



<figure class="wp-block-table is-style-stripes"><table><tbody><tr><td>Beisitzer Altersabteilung</td><td></td><td></td><td>Friedrich-Wilhelm Gehrke</td></tr><tr><td>Beisitzer Fördernde Mitglieder</td><td></td><td></td><td>Volker Baum</td></tr><tr><td>Beisitzer Jugendfeuerwehr</td><td></td><td></td><td>Emma Schubert</td></tr><tr><td>Kassenprüfer</td><td></td><td></td><td>Ben Burmester</td></tr></tbody></table></figure>



<p><strong>&#8212;&#8212;&#8212;&#8212;&#8212;&#8212;&#8212;&#8212;&#8212;&#8212;&#8212;&#8212;&#8212;&#8212;&#8212;&#8212;&#8212;&#8212;&#8212;&#8212;&#8212;&#8212;&#8212;&#8212;&#8212;&#8212;&#8212;&#8212;&#8212;&#8212;&#8212;&#8212;&#8212;&#8212;&#8212;&#8212;&#8212;&#8212;&#8211;</strong></p>



<p><mark style="background-color:rgba(0, 0, 0, 0)" class="has-inline-color has-vivid-cyan-blue-color"><strong><em>2023</em></strong></mark></p>



<p>Am 04.02.2023 fand die Jahreshauptversammlung des Feuerwehrvereins Rätzlingen e.V. im Vereinsheim des TV Rätzlingen statt. </p>



<p>Ortsbrandmeister Egbert Rabenstein begrüßte Gäste aus Verwaltung, Politik und Vereinen sowie die anwesenden Kameraden aus der Einsatz- und Altersabteilung und der Jugendfeuerwehr und übergab das Wort im Anschluss an den 1. Vorsitzenden André Boeck. Nach einem kurzen Jahresrückblick folgten die Wahlen.</p>



<p></p>



<figure class="wp-block-table is-style-stripes"><table><tbody><tr><td>1. Vorsitzender</td><td></td><td></td><td>Bennet Korbmacher</td></tr><tr><td>2. Vorsitzender</td><td></td><td></td><td>Holger Starke</td></tr><tr><td>Schriftführerin</td><td></td><td></td><td>Svenja Korbmacher</td></tr><tr><td>Kassenprüfer</td><td></td><td></td><td>Hans-Joachim Herkt</td></tr></tbody></table></figure>



<p><strong>&#8212;&#8212;&#8212;&#8212;&#8212;&#8212;&#8212;&#8212;&#8212;&#8212;&#8212;&#8212;&#8212;&#8212;&#8212;&#8212;&#8212;&#8212;&#8212;&#8212;&#8212;&#8212;&#8212;&#8212;&#8212;&#8212;&#8212;&#8212;&#8212;&#8212;&#8212;&#8212;&#8212;&#8212;&#8212;&#8212;&#8212;&#8212;&#8211;</strong></p>



<p><mark style="background-color:rgba(0, 0, 0, 0)" class="has-inline-color has-vivid-cyan-blue-color"><strong><em>2022</em></strong></mark></p>



<p></p>



<figure class="wp-block-table is-style-stripes"><table><tbody><tr><td>1. Vorsitzender                             </td><td></td><td class="has-text-align-left" data-align="left">Andrè Boeck</td><td></td></tr><tr><td>2. Vorsitzender                                                         </td><td></td><td class="has-text-align-left" data-align="left">Bennet Korbmacher</td><td></td></tr><tr><td>Schriftführer</td><td></td><td class="has-text-align-left" data-align="left">Uwe Burmeister</td><td></td></tr><tr><td>Kassenprüfer                        </td><td></td><td class="has-text-align-left" data-align="left">Tim-Phillip Meier</td><td></td></tr></tbody></table></figure>



<p><strong>&#8212;&#8212;&#8212;&#8212;&#8212;&#8212;&#8212;&#8212;&#8212;&#8212;&#8212;&#8212;&#8212;&#8212;&#8212;&#8212;&#8212;&#8212;&#8212;&#8212;&#8212;&#8212;&#8212;&#8212;&#8212;&#8212;&#8212;&#8212;&#8212;&#8212;&#8212;&#8212;&#8212;&#8212;&#8212;&#8212;&#8212;&#8212;&#8211;</strong></p>



<p><mark style="background-color:rgba(0, 0, 0, 0)" class="has-inline-color has-vivid-cyan-blue-color"><strong><em>2021       Gründung des Feuerwehrvereins</em></strong></mark></p>



<p>A<em>m 18.05.21 trafen sich 13 Mitglieder der Rätzlinger Wehr im Gerätehaus, um den Feuerwehrverein Rätzlingen aus der Taufe zu heben. Ortsbrandmeister Egbert Rabenstein begrüßte die Mitglieder aus dem Kommando, Ehrenortsbrandmeister Burghard Tiedemann als Vertreter der Altersabteilung, Swantje Schidlowski als Vertreterin der Jugendfeuerwehr und Volker Baum als Vertreter der fördernden Mitglieder, zusätzlich war Tim-Phillip Meyer anwesend, der für einen Vorstandsposten vorgesehen war.</em></p>



<p><em>Nach der Begrüßung erfolgte die Vorstellung des Satzungsentwurfs durch den Ortsbrandmeister. Fragen wurden direkt besprochen und kleinere Änderungen vorgenommen. Im Anschluss wurde die Satzung genehmigt.</em></p>



<p><em>Die Wahlen ergaben folgendes Ergebnis:</em></p>



<figure class="wp-block-table is-style-stripes"><table><tbody><tr><td class="has-text-align-left" data-align="left">1. Vorsitzender</td><td>Andrè Boeck</td></tr><tr><td class="has-text-align-left" data-align="left">2. Vorsitzender</td><td>Bennet Korbmacher</td></tr><tr><td class="has-text-align-left" data-align="left">Schriftführerin</td><td>Uwe Burmeister</td></tr><tr><td class="has-text-align-left" data-align="left">Kassenprüfer</td><td>Tim-Phillip Meier</td></tr><tr><td class="has-text-align-left" data-align="left">Altersabteilung (Beisitzer)</td><td>Burghard Tiedemann</td></tr><tr><td class="has-text-align-left" data-align="left">Jugendfeuerwehr (Beisitzer)</td><td>Swantje Schidlowski</td></tr><tr><td class="has-text-align-left" data-align="left">Förderndes Mitglied (Beisitzer)</td><td>Volker Baum</td></tr></tbody></table></figure>



<figure class="wp-block-image size-full"><img decoding="async" loading="lazy" width="1024" height="768" src="http://xn--ffw-rtzlingen-ffb.de/wp-content/uploads/2021/05/Bild-Gruendungsmitglieder.jpg" alt="" class="wp-image-163" srcset="http://xn--ffw-rtzlingen-ffb.de/wp-content/uploads/2021/05/Bild-Gruendungsmitglieder.jpg 1024w, http://xn--ffw-rtzlingen-ffb.de/wp-content/uploads/2021/05/Bild-Gruendungsmitglieder-300x225.jpg 300w, http://xn--ffw-rtzlingen-ffb.de/wp-content/uploads/2021/05/Bild-Gruendungsmitglieder-768x576.jpg 768w" sizes="(max-width: 1024px) 100vw, 1024px" /><figcaption class="wp-element-caption"><em><sup>Gründungsmitglieder</sup></em></figcaption></figure>



<p><em>Somit haben war der ersten Schritt getan. </em></p>



<p><em>Die Satzung wurde über einen Notar dem Vereinsregister vorgelegt, damit die notwendige Eintragung durchgeführt werden konnte.</em></p>



<p><em>Letztendlich folgte </em><em style="font-style: italic;">die Aufnahme der Feuerwehrmitglieder in den Feuerwehrverein</em><i>. </i></p>



<p></p>



<div class="wp-block-file"><a id="wp-block-file--media-5b27cc8d-50f1-4f18-a087-0e8a30616b11" href="http://xn--ffw-rtzlingen-ffb.de/wp-content/uploads/2021/05/Satzung-Feuerwehrverein-Raetzlingen-Fassung-2021.05.18.pdf"><strong>SATZUNG</strong></a><a href="http://xn--ffw-rtzlingen-ffb.de/wp-content/uploads/2021/05/Satzung-Feuerwehrverein-Raetzlingen-Fassung-2021.05.18.pdf" class="wp-block-file__button wp-element-button" download aria-describedby="wp-block-file--media-5b27cc8d-50f1-4f18-a087-0e8a30616b11">Herunterladen</a></div>



<div class="wp-block-file"><a id="wp-block-file--media-5c7c3765-449f-4662-befc-940b4e5796fb" href="http://xn--ffw-rtzlingen-ffb.de/wp-content/uploads/2021/05/Beitragsordnung-Fassung-2021.05.18.pdf"><strong>BEITRAGSORDNUNG</strong></a><a href="http://xn--ffw-rtzlingen-ffb.de/wp-content/uploads/2021/05/Beitragsordnung-Fassung-2021.05.18.pdf" class="wp-block-file__button wp-element-button" download aria-describedby="wp-block-file--media-5c7c3765-449f-4662-befc-940b4e5796fb">Herunterladen</a></div>



<p></p>

<p>2026 Die Jahreshauptversammlung 2026 des Feuerwehrvereins Rätzlingen e.V. fand am 07.02.2026 statt. OrtsBM Bennet Korbmacher eröffnete die Versammlung, und es erfolgte das Verlesen des Protokolls der Jahreshauptversammlung 2025 durch Svenja Korbmacher. In einer Abstimmung wurde für zukünftige Versammlungen das vorherige Versenden des Protokolls der jeweils letzten Jahreshauptversammlung einstimmig beschlossen. Nach dem Kassenbericht folgten Wahlen, die [&hellip;]</p>
