{"id":1086,"date":"2024-06-03T18:02:43","date_gmt":"2024-06-03T16:02:43","guid":{"rendered":"http:\/\/xn--ffw-rtzlingen-ffb.de\/?page_id=1086"},"modified":"2026-01-28T08:35:54","modified_gmt":"2026-01-28T07:35:54","slug":"senioren","status":"publish","type":"page","link":"http:\/\/xn--ffw-rtzlingen-ffb.de\/?page_id=1086","title":{"rendered":"Senioren-\/Altersabteilung"},"content":{"rendered":"\n<p>Die Kameraden der Altersabteilung treffen sich jeden vierten Dienstag im Monat um 16:00 Uhr im Feuerwehrger\u00e4tehaus.<\/p>\n\n\n\n<p><\/p>\n\n\n\n<figure class=\"wp-block-image size-full\"><img decoding=\"async\" loading=\"lazy\" width=\"608\" height=\"865\" src=\"http:\/\/xn--ffw-rtzlingen-ffb.de\/wp-content\/uploads\/2026\/01\/Dienstplan-Altersabteilung-2026.jpg\" alt=\"\" class=\"wp-image-1287\" srcset=\"http:\/\/xn--ffw-rtzlingen-ffb.de\/wp-content\/uploads\/2026\/01\/Dienstplan-Altersabteilung-2026.jpg 608w, http:\/\/xn--ffw-rtzlingen-ffb.de\/wp-content\/uploads\/2026\/01\/Dienstplan-Altersabteilung-2026-211x300.jpg 211w\" sizes=\"(max-width: 608px) 100vw, 608px\" \/><\/figure>\n\n\n\n<p><\/p>\n\n\n\n<figure class=\"wp-block-table is-style-stripes\"><table><tbody><tr><td>Gruppenf\u00fchrer <\/td><td><\/td><td><\/td><td>Friedrich-Wilhelm Gehrke<\/td><\/tr><tr><td>stellv. Gruppenf\u00fchrer<\/td><td><\/td><td><\/td><td>Ottokar Schulze<\/td><\/tr><\/tbody><\/table><\/figure>\n\n\n\n<figure class=\"wp-block-image size-large\"><img decoding=\"async\" loading=\"lazy\" width=\"1024\" height=\"696\" src=\"http:\/\/xn--ffw-rtzlingen-ffb.de\/wp-content\/uploads\/2024\/06\/QQYM8843-1024x696.jpg\" alt=\"\" class=\"wp-image-1121\" srcset=\"http:\/\/xn--ffw-rtzlingen-ffb.de\/wp-content\/uploads\/2024\/06\/QQYM8843-1024x696.jpg 1024w, http:\/\/xn--ffw-rtzlingen-ffb.de\/wp-content\/uploads\/2024\/06\/QQYM8843-300x204.jpg 300w, http:\/\/xn--ffw-rtzlingen-ffb.de\/wp-content\/uploads\/2024\/06\/QQYM8843-768x522.jpg 768w, http:\/\/xn--ffw-rtzlingen-ffb.de\/wp-content\/uploads\/2024\/06\/QQYM8843.jpg 1280w\" sizes=\"(max-width: 1024px) 100vw, 1024px\" \/><\/figure>\n","protected":false},"excerpt":{"rendered":"<p>Die Kameraden der Altersabteilung treffen sich jeden vierten Dienstag im Monat um 16:00 Uhr im Feuerwehrger\u00e4tehaus. Gruppenf\u00fchrer Friedrich-Wilhelm Gehrke stellv. Gruppenf\u00fchrer Ottokar Schulze<\/p>\n","protected":false},"author":1,"featured_media":0,"parent":0,"menu_order":0,"comment_status":"closed","ping_status":"closed","template":"","meta":{"footnotes":""},"_links":{"self":[{"href":"http:\/\/xn--ffw-rtzlingen-ffb.de\/index.php?rest_route=\/wp\/v2\/pages\/1086"}],"collection":[{"href":"http:\/\/xn--ffw-rtzlingen-ffb.de\/index.php?rest_route=\/wp\/v2\/pages"}],"about":[{"href":"http:\/\/xn--ffw-rtzlingen-ffb.de\/index.php?rest_route=\/wp\/v2\/types\/page"}],"author":[{"embeddable":true,"href":"http:\/\/xn--ffw-rtzlingen-ffb.de\/index.php?rest_route=\/wp\/v2\/users\/1"}],"replies":[{"embeddable":true,"href":"http:\/\/xn--ffw-rtzlingen-ffb.de\/index.php?rest_route=%2Fwp%2Fv2%2Fcomments&post=1086"}],"version-history":[{"count":10,"href":"http:\/\/xn--ffw-rtzlingen-ffb.de\/index.php?rest_route=\/wp\/v2\/pages\/1086\/revisions"}],"predecessor-version":[{"id":1288,"href":"http:\/\/xn--ffw-rtzlingen-ffb.de\/index.php?rest_route=\/wp\/v2\/pages\/1086\/revisions\/1288"}],"wp:attachment":[{"href":"http:\/\/xn--ffw-rtzlingen-ffb.de\/index.php?rest_route=%2Fwp%2Fv2%2Fmedia&parent=1086"}],"curies":[{"name":"wp","href":"https:\/\/api.w.org\/{rel}","templated":true}]}}

<p>Die Kameraden der Altersabteilung treffen sich jeden vierten Dienstag im Monat um 16:00 Uhr im Feuerwehrgerätehaus.</p>



<p></p>



<figure class="wp-block-image size-full"><img decoding="async" loading="lazy" width="608" height="865" src="http://xn--ffw-rtzlingen-ffb.de/wp-content/uploads/2026/01/Dienstplan-Altersabteilung-2026.jpg" alt="" class="wp-image-1287" srcset="http://xn--ffw-rtzlingen-ffb.de/wp-content/uploads/2026/01/Dienstplan-Altersabteilung-2026.jpg 608w, http://xn--ffw-rtzlingen-ffb.de/wp-content/uploads/2026/01/Dienstplan-Altersabteilung-2026-211x300.jpg 211w" sizes="(max-width: 608px) 100vw, 608px" /></figure>



<p></p>



<figure class="wp-block-table is-style-stripes"><table><tbody><tr><td>Gruppenführer </td><td></td><td></td><td>Friedrich-Wilhelm Gehrke</td></tr><tr><td>stellv. Gruppenführer</td><td></td><td></td><td>Ottokar Schulze</td></tr></tbody></table></figure>



<figure class="wp-block-image size-large"><img decoding="async" loading="lazy" width="1024" height="696" src="http://xn--ffw-rtzlingen-ffb.de/wp-content/uploads/2024/06/QQYM8843-1024x696.jpg" alt="" class="wp-image-1121" srcset="http://xn--ffw-rtzlingen-ffb.de/wp-content/uploads/2024/06/QQYM8843-1024x696.jpg 1024w, http://xn--ffw-rtzlingen-ffb.de/wp-content/uploads/2024/06/QQYM8843-300x204.jpg 300w, http://xn--ffw-rtzlingen-ffb.de/wp-content/uploads/2024/06/QQYM8843-768x522.jpg 768w, http://xn--ffw-rtzlingen-ffb.de/wp-content/uploads/2024/06/QQYM8843.jpg 1280w" sizes="(max-width: 1024px) 100vw, 1024px" /></figure>

<p>Die Kameraden der Altersabteilung treffen sich jeden vierten Dienstag im Monat um 16:00 Uhr im Feuerwehrgerätehaus. Gruppenführer Friedrich-Wilhelm Gehrke stellv. Gruppenführer Ottokar Schulze</p>
